Let i(z) = -2*z + 1. Suppose 2*d = 5*d - 9. Let n = 7 - d. Suppose c = 3*l + l - 6, 11 = -n*c + 3*l. Determine i(c).
5
Let b(l) = 197 + 198 - l - 388. Calculate b(6).
1
Let t = 7 + -3. Let k(v) = v**3 - 3*v**2 - 6*v + 2. Let q be k(t). Let a(l) be the second derivative of l**4/12 + 7*l**3/6 + l**2 - 3*l + 29. Determine a(q).
-4
Let t(m) = m**3 - 3*m**2 - 3*m + 1. Let f(x) = 2*x**3 - 5*x**2 - 5*x + 2. Let i(u) = -3*f(u) + 5*t(u). Calculate i(-1).
0
Suppose 2*f + c = 6*c + 35, -3*f + c + 46 = 0. Suppose 21 + f = -4*g. Let n be (15 + g)*1/(-2). Let j(x) = -2*x. Determine j(n).
6
Suppose 2*p = 2*h + 8, p - 4*p + 4 = -h. Suppose 8*v - 5*v = p. Let k(n) = 0*n + v*n + 3 + 2*n. Give k(-3).
-3
Let b(h) be the first derivative of -h**6/120 + 2*h**5/15 + 3*h**4/8 - 11*h**3/6 + 5*h**2/2 - 29. Let p(f) be the second derivative of b(f). Calculate p(9).
-11
Suppose -4*s = 1 + 23. Let q(z) = 6 + z**3 + 93*z**2 - 169*z**2 + 82*z**2 + z. Let c be q(s). Let w(m) = -m**2 + 1. Calculate w(c).
1
Suppose -4*z - 2*b - 1 = -5, 4*b + 6 = -z. Let r(d) = 5 + d**3 + 8 + d - 6*d**z - 14. What is r(6)?
5
Let y(n) be the first derivative of n**4/4 + 5*n**3/3 - 5*n**2 - 7*n + 35. Suppose -9*t - 36 = -3*t. Determine y(t).
17
Let c = -190 + 185. Let r = -1 - 4. Let m(n) = -3*n**2 - 2*n. Let t(y) = 7*y**2 + 3*y. Let i(s) = r*m(s) - 2*t(s). What is i(c)?
5
Let m(l) = -l**3 - l. Let n(h) = -3*h**3 - 5*h + 2. Let i(q) = 4*m(q) - n(q). Let z(w) be the first derivative of i(w). Suppose -3*a = -7 + 1. What is z(a)?
-11
Let n(m) = -71 - 50*m**2 + 2*m + 74 + 48*m**2. Calculate n(6).
-57
Let k = -41 + 45. Let y(w) = -5*w**3 - 5*w**2 + 3*w + 5. Let v(h) = -14*h**3 - 15*h**2 + 9*h + 15. Let r(i) = -6*v(i) + 17*y(i). Calculate r(k).
-1
Let p = 5695/2 + -2847. Let y(z) be the first derivative of 7*z - p*z**2 - 14. Determine y(5).
2
Let p(i) = -5*i**3 + 13*i**2 + 8*i + 14. Let a(d) = -3*d**3 + 9*d**2 + 5*d + 9. Let z(t) = 8*a(t) - 5*p(t). Suppose -10777*j + 10767*j = 70. Give z(j).
2
Let h(p) = 15*p + 24. Let n(a) = 7*a + 11. Let u(l) = 6*h(l) - 13*n(l). What is u(-10)?
11
Let m(t) be the second derivative of -t**3/2 - 5*t**2/2 - t - 19. What is m(-2)?
1
Let x(f) = 9*f - 1. Suppose 11 = -n + 5*i, -4*n + 0*n - i = 2. Calculate x(n).
-10
Let i be 4/14 + 41/(3731/156). Let d(m) be the third derivative of 0 + 8*m**i + 1/12*m**4 - 2/3*m**3 + 0*m. Calculate d(4).
4
Let v = 121 + -121. Let r(c) be the second derivative of -1/3*c**4 + 1/20*c**5 - c + 3/2*c**2 + v - 5/6*c**3. Calculate r(5).
3
Let l(v) = 5*v**3 - 39*v**2 - 74*v - 16. Let u(z) = 3*z**3 - 20*z**2 - 40*z - 8. Let i(b) = -4*l(b) + 7*u(b). Give i(-15).
-7
Let l(s) be the second derivative of -s**5/20 + 13*s**4/12 + 13*s**3/6 + 7*s**2 - 790*s. Give l(14).
0
Let k(x) be the third derivative of -x**5/30 + 5*x**4/12 - x**3/6 - 157*x**2. What is k(7)?
-29
Let t(u) = u**2 + u - 6. Let w(i) = i**3 + 9*i**2 + 8*i + 1. Let r be w(-8). Let k be (r + 1 - 2)*1. Determine t(k).
-6
Let q(u) = u**2 - 33*u + 161. Let m be q(6). Let c(y) = -1 - 2*y - y**2 + 0 + 9*y**2. Give c(m).
9
Let l be ((-25)/(-10))/(3/(-6)). Let y(g) = -3*g + 7. Let f(a) = -4*a + 8. Let n(d) = 4*f(d) - 5*y(d). Determine n(l).
2
Suppose -65*n + 33 = -62*n. Let m(y) = 10 + 0*y + y**3 - 11*y**2 + 0*y. Give m(n).
10
Let d(u) = -5*u**2 + 4*u + 8. Let b(v) = -6*v**2 + 5*v + 9. Let i(p) = 4*b(p) - 5*d(p). Suppose 78 = 116*a - 90*a. Give i(a).
5
Let w(u) = 3 - 2*u**2 + 2 + 1 + u. Calculate w(3).
-9
Let x(f) = -f**2 - 5 + 11 - 9. Determine x(-5).
-28
Suppose -6*v + 0*v = -4*v. Let o(u) = 2*u - 3. Let r be o(v). Let n(s) = s**3 + 4*s**2 + 3*s - 2. Give n(r).
-2
Let j(r) = r + 2. Let x(i) = -4*i**2 - 16*i + 5. Let q(a) = a**2. Let n(w) = -3*q(w) - x(w). Let h be n(-16). Calculate j(h).
-3
Let l(g) = 8*g + 7*g - 10*g - 738 + 739. Calculate l(-4).
-19
Let z(a) = -6*a**2 - 2*a - 2. Let f(r) = -9*r**2 - 3*r - 3. Let t(i) = -5*f(i) + 8*z(i). Calculate t(-1).
-3
Let i(j) = 6*j - 18. Let v be i(4). Suppose -5 = 5*b - v*b. Let l(h) = -h**2 + 4*h - 5. Give l(b).
-10
Let z = -103 - -112. Let f(o) = 0 - 2*o**2 + 8*o + 2 + 1 + o**2. Give f(z).
-6
Let j(v) = -13*v**2 - 67*v - 15. Let h be j(-5). Let f(w) = w**2 + 6. Determine f(h).
31
Let o = 15 + -12. Let i(h) = -h**3 + 2*h + 0*h**3 - 69 + 0*h + 32 + 40 + 3*h**2. Determine i(o).
9
Let x(n) = 2*n**2 + n - 1. Let i(z) = 3*z**2 - 2*z + 2. Let s(b) = -i(b) + 2*x(b). Give s(-4).
-4
Let t(c) = c**3 - 15*c**2 + 18*c - 16. Let q be -2 + 23 - ((-80)/(-5) - 9). Give t(q).
40
Let m(p) be the third derivative of -1/6*p**4 + 0 + 0*p - 1/12*p**5 + 1/120*p**6 - 2/3*p**3 + 18*p**2. Determine m(6).
8
Let y = -1 - 1. Let z(d) be the first derivative of -d**6/120 - d**5/30 - d**4/24 - 5*d**2 - 11. Let n(f) be the second derivative of z(f). Give n(y).
2
Suppose -3 = -2*y + 1. Let q(i) be the first derivative of 2 - 3*i - 5 + 2*i**y - 5 + 2*i. Calculate q(1).
3
Let h be (-28)/(-3) + -4*(-3)/18. Suppose 0 = -t + h - 3. Let n(r) = r**3 - 8*r**2 + 7*r - 4. Calculate n(t).
-4
Suppose -i + 4*v = -28, 6*i - 84 = 3*i + v. Suppose 3*j + 5*q - i = -j, 2*j + 8 = 3*q. Let t(r) = -r - 4*r**3 + 5*r**3 - r**j + r + 2. What is t(0)?
2
Let c = 704 + -704. Let p(s) = s**2 + 2*s - 2. What is p(c)?
-2
Let h(j) be the second derivative of j**5/20 - 5*j**4/6 - j**3/6 + 7*j**2/2 - j + 38. Give h(10).
-3
Suppose 0 = 2*c + x - 4, x + 3*x = -3*c + 1. Let m(n) = 1. Let i(h) = -6 - 3*h - h + h + 2*h. Let r(s) = i(s) + 6*m(s). Give r(c).
-3
Let y(u) = u**3 - 10*u**2 + 7*u + 13. Let a = 765 - 756. Determine y(a).
-5
Suppose u - 6 = 2*u. Let r(q) = 6 + 4*q + 41*q**2 - 38*q**2 + 0 - 2*q + q**3. Let c(a) = a**3 + 2*a**2 + a + 6. Let s(j) = -4*c(j) + 5*r(j). Determine s(u).
6
Let v(l) = -l + 6. Suppose -5*o + o - 44 = -2*n, 5*o = -n - 41. Let h(y) = -y**2 - 8*y + 9. Let t be h(o). Determine v(t).
6
Let v(b) = b**2 - 8*b + 2. Suppose 0*d = 4*d. Let w be 5 - (0 + d/1). Suppose 4*g + r - 6 = 7, -w*g = -5*r - 35. Determine v(g).
-14
Let t(g) = 24*g - 2 - 47*g + 15*g + 4. Determine t(-2).
18
Let z(x) = -x**3 - 5*x**2 - 1. Let k be z(-5). Let a(t) be the second derivative of -7*t**5/20 - t**2/2 - 20*t - 2. Determine a(k).
6
Let m = 63 - 53. Let x(r) = -2*r - m + 12 - 4. Determine x(-8).
14
Let o(c) = -c - 14. Let t be 1*(-107)/3*3. Let b = -51 - t. Suppose 2*i + b = -5*i. Give o(i).
-6
Let j(n) = n - 9. Suppose -4*h + 5*t = -30, 5*t + 1 = 11. What is j(h)?
1
Let r(v) = v**2 - 1. Let h = 7 - 11. Suppose 3 = -5*b - 2. Let c = b - h. Give r(c).
8
Let x(y) = -y**3 - 20*y**2 - y - 24. Suppose 3*f + 62 = -5*w + 7*w, -5*w = f + 15. What is x(f)?
-4
Let s be 4/10 + (-5)/25*62. Let b = -16 - s. Let v(h) = -h**3 - 4*h**2 - h + 1. What is v(b)?
5
Let a(c) = c**3 - 2*c**2 + 1. Let q be (-14)/21 + 8/3. Suppose q*g + 0*g = 0. Suppose g = 3*k + 2*k - 10. Calculate a(k).
1
Let l be -2 - (-4)/(-6)*-3. Suppose l = -6*h + 2*h - 8. Let i(b) = -14*b - 11*b + 34*b + 2 - 10*b. Give i(h).
4
Let m(d) = -16*d + 7. Let t(n) = -3. Let j(h) = m(h) + 2*t(h). Calculate j(1).
-15
Suppose 313 = -39*w + 118. Let c(m) = -5*m - 7. Calculate c(w).
18
Let s be (-4)/(-10) - (-22)/(-5). Let k(c) = c**2 - 4*c + 1. Let w(y) = 2*y**2 - 8*y + 2. Let q(d) = s*w(d) + 7*k(d). Let j = -2139 + 2144. Calculate q(j).
-6
Suppose 0 = 8*u + 4*u - 10*u. Let s(b) = 6 + b**2 - 2*b + b + 4 - 7. Determine s(u).
3
Let u(t) = t**3 + t**2 - 4*t + 2. Let x(k) = k**2 + 3*k - 2. Let i be x(-2). Calculate u(i).
-30
Let s = -16 - -21. Let r(w) = 6*w + 2. Let b(o) = 7*o + 2. Let u(v) = s*b(v) - 6*r(v). Determine u(2).
-4
Let n(s) = -s**3 - s**2 - 2*s - 2*s + 0*s - 3. Let v(f) = f**3 + 4*f + 3. Suppose 0 = x - 3*x + 6. Let a(g) = x*v(g) + 4*n(g). Give a(-2).
-3
Let v(o) = o**2 + 12*o + 13. Let h = 614 + -623. Give v(h).
-14
Let p(i) be the second derivative of i + 0 + 2*i**2 + 1/3*i**3. Determine p(7).
18
Let k(u) = u - 7. Let x(p) = 4. Let l(g) = -2*k(g) - 3*x(g). Let y(s) = s**2 - s + 2. Let o be y(2). Calculate l(o).
-6
Let z be (-36)/(-10)*310/279. Let f(v) = -v**3 + 5*v**2 - v + 5. Give f(z).
17
Let i(m) be the third derivative of m**7/168 + m**4/24 + 3*m**3 + 35*m**2. Let t(p) be the first derivative of i(p). Give t(1).
6
Let n(m) = m - 2. Suppose 4*c + t = 43, -16*t - 8 = c - 12*t. What is n(c)?
10
Let y(l) = l**2 - 4*l - 3. Let b(f) = -1. Let j(p) = -p + 16. Let h be j(